prime factors of 51856?
2, 7, 463
List the prime factors of 1729213.
419, 4127
What are the prime factors of 1360960?
2, 5, 4253
List the prime factors of 178275.
3, 5, 2377
What are the prime factors of 79077?
3, 43, 613
What are the prime factors of 13939821?
3, 7, 173, 1279
What are the prime factors of 751343?
751343
What are the prime factors of 575426?
2, 43, 6691
What are the prime factors of 23338461?
3, 47, 103, 1607
What are the prime factors of 3285939?
3, 1095313
List the prime factors of 357377.
357377
List the prime factors of 9951439.
53, 187763
What are the prime factors of 284914?
2, 7, 47, 433
What are the prime factors of 8486602?
2, 47, 137, 659
List the prime factors of 1543413.
3, 17, 53, 571
What are the prime factors of 18259004?
2, 43, 83, 1279
What are the prime factors of 14565399?
3, 4855133
List the prime factors of 983819.
983819
What are the prime factors of 24555?
3, 5, 1637
What are the prime factors of 727650?
2, 3, 5, 7, 11
What are the prime factors of 4260525?
3, 5, 56807
List the prime factors of 581846.
2, 290923
List the prime factors of 7994547.
3, 11, 23, 3511
What are the prime factors of 1338206?
2, 17, 39359
List the prime factors of 93678.
2, 3, 13, 1201
What are the prime factors of 550338?
2, 3, 37, 67
List the prime factors of 382768.
2, 47, 509
What are the prime factors of 626062?
2, 313031
List the prime factors of 119591.
119591
List the prime factors of 255605.
5, 7, 67, 109
List the prime factors of 553988.
2, 138497
What are the prime factors of 3451854?
2, 3, 7, 59, 199
List the prime factors of 255348.
2, 3, 41, 173
What are the prime factors of 1693975?
5, 67759
List the prime factors of 694019.
694019
What are the prime factors of 467526?
2, 3, 67, 1163
What are the prime factors of 803113?
293, 2741
List the prime factors of 1245613.
1245613
What are the prime factors of 309699?
3, 13, 2647
What are the prime factors of 325439?
325439
What are the prime factors of 2631676?
2, 173, 3803
What are the prime factors of 1181537?
7, 24113
What are the prime factors of 518134?
2, 31, 61, 137
List the prime factors of 427567.
7, 17, 3593
List the prime factors of 3256037.
37, 88001
List the prime factors of 1677307.
101, 16607
What are the prime factors of 13172773?
17, 103, 7523
List the prime factors of 2527828.
2, 101, 6257
What are the prime factors of 604397?
604397
What are the prime factors of 3141592?
2, 392699
What are the prime factors of 94711?
53, 1787
List the prime factors of 4713008.
2, 294563
What are the prime factors of 246231?
3, 109, 251
List the prime factors of 558584.
2, 13, 41, 131
List the prime factors of 245814.
2, 3, 53, 773
List the prime factors of 72924.
2, 3, 59, 103
List the prime factors of 883156.
2, 220789
What are the prime factors of 588112?
2, 7, 59, 89
What are the prime factors of 643552?
2, 7, 13, 17
What are the prime factors of 359617?
271, 1327
What are the prime factors of 20911241?
13, 17, 94621
What are the prime factors of 9282513?
3, 1277, 2423
List the prime factors of 29285147.
2971, 9857
What are the prime factors of 20899808?
2, 53, 12323
List the prime factors of 425785.
5, 31, 41, 67
What are the prime factors of 2972738?
2, 389, 3821
What are the prime factors of 143098?
2, 71549
List the prime factors of 3111758.
2, 13, 29, 4127
What are the prime factors of 515916?
2, 3, 17, 281
What are the prime factors of 3648514?
2, 31, 83, 709
List the prime factors of 5961574.
2, 47, 63421
List the prime factors of 385754.
2, 192877
What are the prime factors of 241543?
241543
List the prime factors of 422820.
2, 3, 5, 29
What are the prime factors of 561775?
5, 23, 977
What are the prime factors of 593078?
2, 23, 12893
List the prime factors of 8824560.
2, 3, 5, 83, 443
What are the prime factors of 732788?
2, 7, 26171
What are the prime factors of 17532628?
2, 79, 113, 491
What are the prime factors of 54510?
2, 3, 5, 23, 79
List the prime factors of 458183.
11, 23, 1811
List the prime factors of 8223734.
2, 4111867
What are the prime factors of 502396?
2, 29, 61, 71
List the prime factors of 9429911.
59, 277, 577
List the prime factors of 1576477.
7, 32173
List the prime factors of 3342553.
3342553
List the prime factors of 1121111.
29, 67, 577
List the prime factors of 6486122.
2, 3243061
List the prime factors of 7087976.
2, 7, 47, 2693
List the prime factors of 3548920.
2, 5, 17, 307
What are the prime factors of 419355?
3, 5, 9319
What are the prime factors of 557843?
11, 13, 47, 83
What are the prime factors of 3707510?
2, 5, 229, 1619
List the prime factors of 2403587.
2403587
List the prime factors of 62394.
2, 3, 10399
What are the prime factors of 867128?
2, 107, 1013
List the prime factors of 10560588.
2, 3, 23, 83, 461
List the prime factors of 5794911.
3, 643879
What are the prime factors of 268285?
5, 53657
List the prime factors of 12603378.
2, 3, 2100563
List the prime factors of 1114976.
2, 34843
What are the prime factors of 351548?
2, 87887
List the prime factors of 182230.
2, 5, 18223
List the prime factors of 213802.
2, 53, 2017
List the prime factors of 16009544.
2, 449, 4457
List the prime factors of 1134116.
2, 281, 1009
List the prime factors of 222752.
2, 6961
List the prime factors of 1149812.
2, 17, 37, 457
List the prime factors of 969335.
5, 23, 8429
List the prime factors of 1930617.
3, 13, 29, 569
What are the prime factors of 156656?
2, 9791
What are the prime factors of 967682?
2, 41, 11801
What are the prime factors of 421259?
31, 107, 127
List the prime factors of 1147876.
2, 347, 827
What are the prime factors of 1058205?
3, 5, 19, 47, 79
What are the prime factors of 105393?
3, 19, 43
List the prime factors of 2404676.
2, 83, 7243
List the prime factors of 1318255.
5, 263651
What are the prime factors of 9830922?
2, 3, 1638487
What are the prime factors of 11476489?
29, 395741
List the prime factors of 11017348.
2, 853, 3229
List the prime factors of 7881181.
7, 11, 19, 5387
What are the prime factors of 1284659?
1284659
What are the prime factors of 11070295?
5, 331, 6689
List the prime factors of 3272774.
2, 151, 10837
What are the prime factors of 12068342?
2, 11, 13, 42197
What are the prime factors of 1658159?
31, 89, 601
What are the prime factors of 534106?
2, 17, 23, 683
List the prime factors of 5215008.
2, 3, 54323
What are the prime factors of 28955860?
2, 5, 31, 46703
What are the prime factors of 62184?
2, 3, 2591
List the prime factors of 22830744.
2, 3, 951281
List the prime factors of 10522053.
3, 421, 2777
What are the prime factors of 1743469?
7, 13, 17, 23
What are the prime factors of 2297048?
2, 13, 1699
What are the prime factors of 3281765?
5, 17, 38609
List the prime factors of 1206104.
2, 107, 1409
List the prime factors of 5806579.
31, 79, 2371
What are the prime factors of 22522652?
2, 5630663
List the prime factors of 2004276.
2, 3, 167023
What are the prime factors of 170654?
2, 11, 7757
List the prime factors of 1199375.
5, 19, 101
What are the prime factors of 3761689?
263, 14303
List the prime factors of 14929177.
14929177
What are the prime factors of 101265?
3, 5, 43, 157
What are the prime factors of 6232381?
757, 8233
What are the prime factors of 9795?
3, 5, 653
List the prime factors of 534163.
7, 137, 557
What are the prime factors of 855874?
2, 19, 101, 223
List the prime factors of 301193.
173, 1741
What are the prime factors of 2825787?
3, 941929
List the prime factors of 148575.
3, 5, 7, 283
List the prime factors of 9903719.
7, 71, 19927
List the prime factors of 7083704.
2, 439, 2017
List the prime factors of 160452.
2, 3, 4457
What are the prime factors of 12861432?
2, 3, 73, 2447
List the prime factors of 132022.
2, 11, 17, 353
What are the prime factors of 3422801?
3422801
What are the prime factors of 747309?
3, 249103
What are the prime factors of 890014?
2, 43, 79, 131
What are the prime factors of 128304?
2, 3, 11
What are the prime factors of 18298090?
2, 5, 113, 16193
What are the prime factors of 13537023?
3, 4512341
List the prime factors of 10755035.
5, 2151007
What are the prime factors of 1701022?
2, 317, 2683
What are the prime factors of 105557?
105557
What are the prime factors of 152503?
13, 11731
What are the prime factors of 1028966?
2,